Last updated on 2020-07-02 02:09:52 CEST.
Flavor | Version | Tinstall | Tcheck | Ttotal | Status | Flags |
---|---|---|---|---|---|---|
r-devel-linux-x86_64-debian-clang | 0.3.10 | 6.54 | 47.80 | 54.34 | OK | |
r-devel-linux-x86_64-debian-gcc | 0.3.10 | 5.75 | 37.03 | 42.78 | OK | |
r-devel-linux-x86_64-fedora-clang | 0.3.10 | 71.00 | NOTE | |||
r-devel-linux-x86_64-fedora-gcc | 0.3.10 | 62.68 | NOTE | |||
r-devel-windows-ix86+x86_64 | 0.3.10 | 20.00 | 55.00 | 75.00 | OK | |
r-patched-linux-x86_64 | 0.3.10 | 5.13 | 47.69 | 52.82 | OK | |
r-patched-solaris-x86 | 0.3.10 | 91.10 | NOTE | |||
r-release-linux-x86_64 | 0.3.10 | 5.93 | 46.89 | 52.82 | OK | |
r-release-osx-x86_64 | 0.3.10 | NOTE | ||||
r-release-windows-ix86+x86_64 | 0.3.10 | 14.00 | 62.00 | 76.00 | OK | |
r-oldrel-osx-x86_64 | 0.3.10 | NOTE | ||||
r-oldrel-windows-ix86+x86_64 | 0.3.10 | 16.00 | 97.00 | 113.00 | OK |
Version: 0.3.10
Check: dependencies in R code
Result: NOTE
Namespaces in Imports field not imported from:
‘ReinforcementLearning’ ‘ggplot2’ ‘grDevices’ ‘h2o’ ‘lubridate’
‘magrittr’ ‘openssl’ ‘readr’ ‘stringr’
All declared Imports should be used.
Flavors: r-devel-linux-x86_64-fedora-clang, r-devel-linux-x86_64-fedora-gcc, r-patched-solaris-x86, r-release-osx-x86_64, r-oldrel-osx-x86_64