CRAN Package Check Results for Package leaflet.extras

Last updated on 2020-07-02 02:09:52 CEST.

Flavor Version Tinstall Tcheck Ttotal Status Flags
r-devel-linux-x86_64-debian-clang 1.0.0 4.92 32.80 37.72 OK
r-devel-linux-x86_64-debian-gcc 1.0.0 3.34 25.89 29.23 OK
r-devel-linux-x86_64-fedora-clang 1.0.0 52.74 OK
r-devel-linux-x86_64-fedora-gcc 1.0.0 42.86 OK
r-devel-windows-ix86+x86_64 1.0.0 27.00 71.00 98.00 OK
r-patched-linux-x86_64 1.0.0 4.68 32.75 37.43 OK
r-patched-solaris-x86 1.0.0 68.60 NOTE
r-release-linux-x86_64 1.0.0 4.73 32.48 37.21 OK
r-release-osx-x86_64 1.0.0 OK
r-release-windows-ix86+x86_64 1.0.0 16.00 48.00 64.00 OK
r-oldrel-osx-x86_64 1.0.0 OK
r-oldrel-windows-ix86+x86_64 1.0.0 28.00 85.00 113.00 OK

Check Details

Version: 1.0.0
Check: installed package size
Result: NOTE
     installed size is 5.5Mb
     sub-directories of 1Mb or more:
     htmlwidgets 4.2Mb
Flavor: r-patched-solaris-x86