CRAN Package Check Results for Package lfmm

Last updated on 2020-07-02 02:09:52 CEST.

Flavor Version Tinstall Tcheck Ttotal Status Flags
r-devel-linux-x86_64-debian-clang 1.0 43.96 203.06 247.02 OK
r-devel-linux-x86_64-debian-gcc 1.0 36.06 145.35 181.41 OK
r-devel-linux-x86_64-fedora-clang 1.0 325.31 NOTE
r-devel-linux-x86_64-fedora-gcc 1.0 298.88 NOTE
r-devel-windows-ix86+x86_64 1.0 106.00 398.00 504.00 OK
r-patched-linux-x86_64 1.0 35.47 198.55 234.02 OK
r-patched-solaris-x86 1.0 626.10 NOTE
r-release-linux-x86_64 1.0 35.80 195.10 230.90 OK
r-oldrel-osx-x86_64 1.0 NOTE
r-oldrel-windows-ix86+x86_64 1.0 71.00 300.00 371.00 OK

Check Details

Version: 1.0
Check: installed package size
Result: NOTE
     installed size is 12.4Mb
     sub-directories of 1Mb or more:
     data 1.8Mb
     libs 10.0Mb
Flavors: r-devel-linux-x86_64-fedora-clang, r-oldrel-osx-x86_64

Version: 1.0
Check: dependencies in R code
Result: NOTE
    Namespaces in Imports field not imported from:
     ‘ggplot2’ ‘knitr’ ‘purrr’ ‘rmarkdown’
     All declared Imports should be used.
Flavors: r-devel-linux-x86_64-fedora-clang, r-devel-linux-x86_64-fedora-gcc, r-patched-solaris-x86, r-oldrel-osx-x86_64