Last updated on 2020-07-02 02:09:53 CEST.
Flavor | Version | Tinstall | Tcheck | Ttotal | Status | Flags |
---|---|---|---|---|---|---|
r-devel-linux-x86_64-debian-clang | 0.0.4 | 1.94 | 29.85 | 31.79 | OK | |
r-devel-linux-x86_64-debian-gcc | 0.0.4 | 1.89 | 23.75 | 25.64 | OK | |
r-devel-linux-x86_64-fedora-clang | 0.0.4 | 47.28 | NOTE | |||
r-devel-linux-x86_64-fedora-gcc | 0.0.4 | 39.31 | OK | |||
r-devel-windows-ix86+x86_64 | 0.0.4 | 48.00 | 46.00 | 94.00 | OK | |
r-patched-linux-x86_64 | 0.0.4 | 2.32 | 29.93 | 32.25 | OK | |
r-patched-solaris-x86 | 0.0.4 | 58.10 | OK | |||
r-release-linux-x86_64 | 0.0.4 | 2.34 | 29.91 | 32.25 | OK | |
r-release-osx-x86_64 | 0.0.4 | OK | ||||
r-release-windows-ix86+x86_64 | 0.0.4 | 6.00 | 52.00 | 58.00 | OK | |
r-oldrel-osx-x86_64 | 0.0.4 | OK | ||||
r-oldrel-windows-ix86+x86_64 | 0.0.4 | 4.00 | 76.00 | 80.00 | OK |
Version: 0.0.4
Check: Rd cross-references
Result: NOTE
Undeclared package ‘pinp’ in Rd xrefs
Flavor: r-devel-linux-x86_64-fedora-clang