CRAN Package Check Results for Package lpirfs

Last updated on 2020-07-02 02:09:53 CEST.

Flavor Version Tinstall Tcheck Ttotal Status Flags
r-devel-linux-x86_64-debian-clang 0.1.9 147.21 205.27 352.48 OK
r-devel-linux-x86_64-debian-gcc 0.1.9 106.59 150.11 256.70 OK
r-devel-linux-x86_64-fedora-clang 0.1.9 433.77 NOTE
r-devel-linux-x86_64-fedora-gcc 0.1.9 406.47 OK
r-devel-windows-ix86+x86_64 0.1.9 381.00 481.00 862.00 OK
r-patched-linux-x86_64 0.1.9 85.10 196.12 281.22 OK
r-patched-solaris-x86 0.1.9 682.10 OK
r-release-linux-x86_64 0.1.9 81.15 196.17 277.32 OK
r-release-osx-x86_64 0.1.9 OK
r-release-windows-ix86+x86_64 0.1.9 267.00 490.00 757.00 OK
r-oldrel-osx-x86_64 0.1.9 ERROR
r-oldrel-windows-ix86+x86_64 0.1.9 267.00 681.00 948.00 OK

Check Details

Version: 0.1.9
Check: installed package size
Result: NOTE
     installed size is 6.6Mb
     sub-directories of 1Mb or more:
     libs 5.1Mb
Flavor: r-devel-linux-x86_64-fedora-clang

Version: 0.1.9
Check: package dependencies
Result: ERROR
    Package required and available but unsuitable version: ‘Rcpp’
    
    See section ‘The DESCRIPTION file’ in the ‘Writing R Extensions’
    manual.
Flavor: r-oldrel-osx-x86_64