CRAN Package Check Results for Package marked

Last updated on 2020-07-02 02:09:53 CEST.

Flavor Version Tinstall Tcheck Ttotal Status Flags
r-devel-linux-x86_64-debian-clang 1.2.6 33.77 209.08 242.85 OK
r-devel-linux-x86_64-debian-gcc 1.2.6 26.79 159.15 185.94 OK
r-devel-linux-x86_64-fedora-clang 1.2.6 281.97 NOTE
r-devel-linux-x86_64-fedora-gcc 1.2.6 273.59 NOTE
r-devel-windows-ix86+x86_64 1.2.6 102.00 227.00 329.00 OK
r-patched-linux-x86_64 1.2.6 32.10 206.32 238.42 OK
r-patched-solaris-x86 1.2.6 405.00 NOTE
r-release-linux-x86_64 1.2.6 29.51 207.04 236.55 OK
r-release-osx-x86_64 1.2.6 NOTE
r-release-windows-ix86+x86_64 1.2.6 70.00 232.00 302.00 OK
r-oldrel-osx-x86_64 1.2.6 NOTE
r-oldrel-windows-ix86+x86_64 1.2.6 87.00 313.00 400.00 OK

Check Details

Version: 1.2.6
Check: dependencies in R code
Result: NOTE
    Namespaces in Imports field not imported from:
     ‘bookdown’ ‘kableExtra’ ‘knitr’
     All declared Imports should be used.
Flavors: r-devel-linux-x86_64-fedora-clang, r-devel-linux-x86_64-fedora-gcc, r-patched-solaris-x86, r-release-osx-x86_64, r-oldrel-osx-x86_64