Last updated on 2020-07-02 02:09:53 CEST.
Flavor | Version | Tinstall | Tcheck | Ttotal | Status | Flags |
---|---|---|---|---|---|---|
r-devel-linux-x86_64-debian-clang | 5.4.6 | 35.74 | 219.37 | 255.11 | OK | |
r-devel-linux-x86_64-debian-gcc | 5.4.6 | 33.08 | 154.89 | 187.97 | OK | |
r-devel-linux-x86_64-fedora-clang | 5.4.6 | 317.90 | NOTE | |||
r-devel-linux-x86_64-fedora-gcc | 5.4.6 | 308.47 | OK | |||
r-devel-windows-ix86+x86_64 | 5.4.6 | 91.00 | 307.00 | 398.00 | NOTE | |
r-patched-linux-x86_64 | 5.4.6 | 37.34 | 215.03 | 252.37 | OK | |
r-patched-solaris-x86 | 5.4.6 | 430.00 | NOTE | |||
r-release-linux-x86_64 | 5.4.6 | 36.88 | 219.52 | 256.40 | OK | |
r-release-osx-x86_64 | 5.4.6 | NOTE | ||||
r-release-windows-ix86+x86_64 | 5.4.6 | 70.00 | 291.00 | 361.00 | NOTE | |
r-oldrel-osx-x86_64 | 5.4.6 | NOTE | ||||
r-oldrel-windows-ix86+x86_64 | 5.4.6 | 69.00 | 399.00 | 468.00 | NOTE |
Version: 5.4.6
Check: installed package size
Result: NOTE
installed size is 5.8Mb
sub-directories of 1Mb or more:
doc 3.0Mb
Flavors: r-devel-linux-x86_64-fedora-clang, r-devel-windows-ix86+x86_64, r-patched-solaris-x86, r-release-osx-x86_64, r-release-windows-ix86+x86_64, r-oldrel-osx-x86_64, r-oldrel-windows-ix86+x86_64