CRAN Package Check Results for Package medfate

Last updated on 2020-07-02 02:09:54 CEST.

Flavor Version Tinstall Tcheck Ttotal Status Flags
r-devel-linux-x86_64-debian-clang 1.0.0 332.60 322.50 655.10 OK
r-devel-linux-x86_64-debian-gcc 1.0.0 322.74 236.13 558.87 OK
r-devel-linux-x86_64-fedora-clang 1.0.0 899.43 NOTE
r-devel-linux-x86_64-fedora-gcc 1.0.0 969.56 OK
r-devel-windows-ix86+x86_64 1.0.0 776.00 388.00 1164.00 NOTE
r-patched-linux-x86_64 1.0.0 398.25 310.34 708.59 OK
r-patched-solaris-x86 1.0.0 907.80 NOTE
r-release-linux-x86_64 1.0.0 392.16 323.46 715.62 OK
r-release-osx-x86_64 1.0.0 NOTE
r-release-windows-ix86+x86_64 1.0.0 538.00 366.00 904.00 NOTE
r-oldrel-osx-x86_64 1.0.0 NOTE
r-oldrel-windows-ix86+x86_64 1.0.0 600.00 540.00 1140.00 NOTE

Check Details

Version: 1.0.0
Check: installed package size
Result: NOTE
     installed size is 39.3Mb
     sub-directories of 1Mb or more:
     doc 2.9Mb
     libs 35.5Mb
Flavors: r-devel-linux-x86_64-fedora-clang, r-devel-windows-ix86+x86_64, r-patched-solaris-x86, r-release-osx-x86_64, r-release-windows-ix86+x86_64, r-oldrel-osx-x86_64, r-oldrel-windows-ix86+x86_64