Last updated on 2020-07-02 02:09:54 CEST.
Flavor | Version | Tinstall | Tcheck | Ttotal | Status | Flags |
---|---|---|---|---|---|---|
r-devel-linux-x86_64-debian-clang | 0.7.0 | 17.63 | 401.97 | 419.60 | OK | |
r-devel-linux-x86_64-debian-gcc | 0.7.0 | 14.13 | 472.32 | 486.45 | OK | |
r-devel-linux-x86_64-fedora-clang | 0.7.0 | 383.90 | NOTE | |||
r-devel-linux-x86_64-fedora-gcc | 0.7.0 | 367.22 | NOTE | |||
r-devel-windows-ix86+x86_64 | 0.7.0 | 39.00 | 295.00 | 334.00 | OK | |
r-patched-linux-x86_64 | 0.7.0 | 15.59 | 408.19 | 423.78 | OK | |
r-patched-solaris-x86 | 0.7.0 | 441.40 | NOTE | |||
r-release-linux-x86_64 | 0.7.0 | 15.98 | 410.88 | 426.86 | OK | |
r-release-osx-x86_64 | 0.7.0 | NOTE | ||||
r-release-windows-ix86+x86_64 | 0.7.0 | 29.00 | 290.00 | 319.00 | OK | |
r-oldrel-osx-x86_64 | 0.7.0 | NOTE | ||||
r-oldrel-windows-ix86+x86_64 | 0.7.0 | 34.00 | 425.00 | 459.00 | OK |
Version: 0.7.0
Check: dependencies in R code
Result: NOTE
Namespace in Imports field not imported from: ‘memoise’
All declared Imports should be used.
Flavors: r-devel-linux-x86_64-fedora-clang, r-devel-linux-x86_64-fedora-gcc, r-patched-solaris-x86, r-release-osx-x86_64, r-oldrel-osx-x86_64
Version: 0.7.0
Check: installed package size
Result: NOTE
installed size is 5.3Mb
sub-directories of 1Mb or more:
data 1.1Mb
doc 2.7Mb
Flavor: r-patched-solaris-x86