CRAN Package Check Results for Package microsynth

Last updated on 2020-07-02 02:09:54 CEST.

Flavor Version Tinstall Tcheck Ttotal Status Flags
r-devel-linux-x86_64-debian-clang 2.0.13 6.91 105.83 112.74 OK
r-devel-linux-x86_64-debian-gcc 2.0.13 6.74 74.76 81.50 OK
r-devel-linux-x86_64-fedora-clang 2.0.13 137.70 NOTE
r-devel-linux-x86_64-fedora-gcc 2.0.13 126.71 NOTE
r-devel-windows-ix86+x86_64 2.0.13 17.00 100.00 117.00 OK
r-patched-linux-x86_64 2.0.13 7.91 101.21 109.12 OK
r-patched-solaris-x86 2.0.13 178.30 NOTE
r-release-linux-x86_64 2.0.13 7.23 102.81 110.04 OK
r-release-osx-x86_64 2.0.13 NOTE
r-release-windows-ix86+x86_64 2.0.13 10.00 133.00 143.00 OK
r-oldrel-osx-x86_64 2.0.13 NOTE
r-oldrel-windows-ix86+x86_64 2.0.13 11.00 138.00 149.00 OK

Check Details

Version: 2.0.13
Check: dependencies in R code
Result: NOTE
    Namespace in Imports field not imported from: ‘MASS’
     All declared Imports should be used.
Flavors: r-devel-linux-x86_64-fedora-clang, r-devel-linux-x86_64-fedora-gcc, r-patched-solaris-x86, r-release-osx-x86_64, r-oldrel-osx-x86_64