CRAN Package Check Results for Package missForest

Last updated on 2020-07-02 02:09:54 CEST.

Flavor Version Tinstall Tcheck Ttotal Status Flags
r-devel-linux-x86_64-debian-clang 1.4 2.51 23.26 25.77 NOTE
r-devel-linux-x86_64-debian-gcc 1.4 2.04 18.55 20.59 NOTE
r-devel-linux-x86_64-fedora-clang 1.4 39.97 NOTE
r-devel-linux-x86_64-fedora-gcc 1.4 30.71 NOTE
r-devel-windows-ix86+x86_64 1.4 8.00 36.00 44.00 NOTE
r-patched-linux-x86_64 1.4 2.67 23.41 26.08 NOTE
r-patched-solaris-x86 1.4 47.50 NOTE
r-release-linux-x86_64 1.4 2.41 23.66 26.07 NOTE
r-release-osx-x86_64 1.4 NOTE
r-release-windows-ix86+x86_64 1.4 5.00 75.00 80.00 NOTE
r-oldrel-osx-x86_64 1.4 NOTE
r-oldrel-windows-ix86+x86_64 1.4 5.00 50.00 55.00 NOTE

Check Details

Version: 1.4
Check: R code for possible problems
Result: NOTE
    missForest: no visible global function definition for 'predict'
    missForest: no visible global function definition for 'idiv'
    missForest: no visible global function definition for 'var'
    nrmse: no visible global function definition for 'var'
    Undefined global functions or variables:
     idiv predict var
    Consider adding
     importFrom("stats", "predict", "var")
    to your NAMESPACE file.
Flavors: r-devel-linux-x86_64-debian-clang, r-devel-linux-x86_64-debian-gcc, r-devel-linux-x86_64-fedora-clang, r-devel-linux-x86_64-fedora-gcc, r-devel-windows-ix86+x86_64, r-patched-linux-x86_64, r-patched-solaris-x86, r-release-linux-x86_64, r-release-osx-x86_64, r-release-windows-ix86+x86_64, r-oldrel-osx-x86_64, r-oldrel-windows-ix86+x86_64