CRAN Package Check Results for Package mixedMem

Last updated on 2020-07-02 02:09:54 CEST.

Flavor Version Tinstall Tcheck Ttotal Status Flags
r-devel-linux-x86_64-debian-clang 1.1.0 177.99 59.78 237.77 NOTE
r-devel-linux-x86_64-debian-gcc 1.1.0 127.36 47.35 174.71 NOTE
r-devel-linux-x86_64-fedora-clang 1.1.0 349.73 NOTE
r-devel-linux-x86_64-fedora-gcc 1.1.0 301.19 NOTE
r-devel-windows-ix86+x86_64 1.1.0 464.00 97.00 561.00 NOTE
r-patched-linux-x86_64 1.1.0 134.21 58.68 192.89 NOTE
r-patched-solaris-x86 1.1.0 277.30 NOTE
r-release-linux-x86_64 1.1.0 137.50 60.49 197.99 NOTE
r-release-osx-x86_64 1.1.0 NOTE
r-release-windows-ix86+x86_64 1.1.0 335.00 93.00 428.00 NOTE
r-oldrel-osx-x86_64 1.1.0 NOTE
r-oldrel-windows-ix86+x86_64 1.1.0 419.00 138.00 557.00 NOTE

Check Details

Version: 1.1.0
Check: files in ‘vignettes’
Result: NOTE
    The following directory looks like a leftover from 'knitr':
     'figure'
    Please remove from your package.
Flavors: r-devel-linux-x86_64-debian-clang, r-devel-linux-x86_64-debian-gcc, r-devel-linux-x86_64-fedora-clang, r-devel-linux-x86_64-fedora-gcc, r-devel-windows-ix86+x86_64, r-patched-linux-x86_64, r-patched-solaris-x86, r-release-linux-x86_64, r-release-osx-x86_64, r-release-windows-ix86+x86_64, r-oldrel-osx-x86_64, r-oldrel-windows-ix86+x86_64

Version: 1.1.0
Check: installed package size
Result: NOTE
     installed size is 6.2Mb
     sub-directories of 1Mb or more:
     libs 5.7Mb
Flavor: r-devel-linux-x86_64-fedora-clang

Version: 1.1.0
Check: compiled code
Result: NOTE
    File ‘mixedMem/libs/mixedMem.so’:
     Found no calls to: ‘R_registerRoutines’, ‘R_useDynamicSymbols’
    
    It is good practice to register native routines and to disable symbol
    search.
    
    See ‘Writing portable packages’ in the ‘Writing R Extensions’ manual.
Flavors: r-devel-linux-x86_64-fedora-clang, r-devel-linux-x86_64-fedora-gcc