Last updated on 2020-07-02 02:09:54 CEST.
Flavor | Version | Tinstall | Tcheck | Ttotal | Status | Flags |
---|---|---|---|---|---|---|
r-devel-linux-x86_64-debian-clang | 0.3-43 | 85.57 | 116.74 | 202.31 | OK | |
r-devel-linux-x86_64-debian-gcc | 0.3-43 | 64.98 | 77.41 | 142.39 | OK | |
r-devel-linux-x86_64-fedora-clang | 0.3-43 | 256.14 | OK | |||
r-devel-linux-x86_64-fedora-gcc | 0.3-43 | 227.47 | OK | |||
r-devel-windows-ix86+x86_64 | 0.3-43 | 205.00 | 157.00 | 362.00 | OK | |
r-patched-linux-x86_64 | 0.3-43 | 64.14 | 103.47 | 167.61 | OK | |
r-patched-solaris-x86 | 0.3-43 | 323.70 | NOTE | |||
r-release-linux-x86_64 | 0.3-43 | 69.08 | 108.59 | 177.67 | OK | |
r-release-osx-x86_64 | 0.3-43 | OK | ||||
r-release-windows-ix86+x86_64 | 0.3-43 | 147.00 | 152.00 | 299.00 | OK | |
r-oldrel-osx-x86_64 | 0.3-43 | OK | ||||
r-oldrel-windows-ix86+x86_64 | 0.3-43 | 156.00 | 198.00 | 354.00 | NOTE |
Version: 0.3-43
Check: package dependencies
Result: NOTE
Packages suggested but not available for checking: 'REBayes', 'Rmosek'
Flavor: r-patched-solaris-x86
Version: 0.3-43
Check: package dependencies
Result: NOTE
Package suggested but not available for checking: 'REBayes'
Flavor: r-oldrel-windows-ix86+x86_64
Version: 0.3-43
Check: Rd cross-references
Result: NOTE
Package unavailable to check Rd xrefs: 'REBayes'
Flavor: r-oldrel-windows-ix86+x86_64