Last updated on 2020-07-02 02:09:54 CEST.
Flavor | Version | Tinstall | Tcheck | Ttotal | Status | Flags |
---|---|---|---|---|---|---|
r-devel-linux-x86_64-debian-clang | 0.4.1 | 6.00 | 46.48 | 52.48 | OK | |
r-devel-linux-x86_64-debian-gcc | 0.4.1 | 4.60 | 34.37 | 38.97 | OK | |
r-devel-linux-x86_64-fedora-clang | 0.4.1 | 72.27 | NOTE | |||
r-devel-linux-x86_64-fedora-gcc | 0.4.1 | 61.29 | NOTE | |||
r-devel-windows-ix86+x86_64 | 0.4.1 | 27.00 | 58.00 | 85.00 | OK | |
r-patched-linux-x86_64 | 0.4.1 | 6.55 | 44.83 | 51.38 | OK | |
r-patched-solaris-x86 | 0.4.1 | 94.40 | NOTE | |||
r-release-linux-x86_64 | 0.4.1 | 6.12 | 45.79 | 51.91 | OK | |
r-release-osx-x86_64 | 0.4.1 | NOTE | ||||
r-release-windows-ix86+x86_64 | 0.4.1 | 15.00 | 61.00 | 76.00 | OK | |
r-oldrel-osx-x86_64 | 0.4.1 | NOTE | ||||
r-oldrel-windows-ix86+x86_64 | 0.4.1 | 24.00 | 98.00 | 122.00 | OK |
Version: 0.4.1
Check: dependencies in R code
Result: NOTE
Namespace in Imports field not imported from: ‘rmarkdown’
All declared Imports should be used.
Flavors: r-devel-linux-x86_64-fedora-clang, r-devel-linux-x86_64-fedora-gcc, r-patched-solaris-x86, r-release-osx-x86_64, r-oldrel-osx-x86_64