CRAN Package Check Results for Package moderndive

Last updated on 2020-07-02 02:09:54 CEST.

Flavor Version Tinstall Tcheck Ttotal Status Flags
r-devel-linux-x86_64-debian-clang 0.4.0 7.99 94.71 102.70 OK
r-devel-linux-x86_64-debian-gcc 0.4.0 6.74 70.43 77.17 OK
r-devel-linux-x86_64-fedora-clang 0.4.0 127.36 NOTE
r-devel-linux-x86_64-fedora-gcc 0.4.0 119.08 OK
r-devel-windows-ix86+x86_64 0.4.0 33.00 102.00 135.00 OK
r-patched-linux-x86_64 0.4.0 8.00 89.84 97.84 OK
r-patched-solaris-x86 0.4.0 187.00 OK
r-release-linux-x86_64 0.4.0 9.31 90.53 99.84 OK
r-release-osx-x86_64 0.4.0 OK
r-release-windows-ix86+x86_64 0.4.0 20.00 115.00 135.00 OK
r-oldrel-osx-x86_64 0.4.0 OK
r-oldrel-windows-ix86+x86_64 0.4.0 28.00 154.00 182.00 OK

Check Details

Version: 0.4.0
Check: Rd cross-references
Result: NOTE
    Undeclared packages ‘ggplot2movies’, ‘openintro’ in Rd xrefs
Flavor: r-devel-linux-x86_64-fedora-clang