CRAN Package Check Results for Package mombf

Last updated on 2020-07-02 02:09:54 CEST.

Flavor Version Tinstall Tcheck Ttotal Status Flags
r-devel-linux-x86_64-debian-clang 2.2.9 167.36 223.46 390.82 OK
r-devel-linux-x86_64-debian-gcc 2.2.9 123.98 161.66 285.64 OK
r-devel-linux-x86_64-fedora-clang 2.2.9 497.52 NOTE
r-devel-linux-x86_64-fedora-gcc 2.2.9 473.40 OK
r-devel-windows-ix86+x86_64 2.2.9 401.00 265.00 666.00 OK
r-patched-linux-x86_64 2.2.9 127.79 219.57 347.36 OK
r-patched-solaris-x86 2.2.9 513.80 OK
r-release-linux-x86_64 2.2.9 127.65 219.86 347.51 OK
r-release-osx-x86_64 2.2.9 NOTE
r-release-windows-ix86+x86_64 2.2.9 272.00 311.00 583.00 OK
r-oldrel-osx-x86_64 2.2.9 NOTE
r-oldrel-windows-ix86+x86_64 2.2.9 311.00 356.00 667.00 OK

Check Details

Version: 2.2.9
Check: installed package size
Result: NOTE
     installed size is 6.1Mb
     sub-directories of 1Mb or more:
     libs 4.8Mb
Flavors: r-devel-linux-x86_64-fedora-clang, r-release-osx-x86_64, r-oldrel-osx-x86_64