Last updated on 2020-07-02 02:09:55 CEST.
Flavor | Version | Tinstall | Tcheck | Ttotal | Status | Flags |
---|---|---|---|---|---|---|
r-devel-linux-x86_64-debian-clang | 0.10.4 | 138.02 | 116.63 | 254.65 | OK | |
r-devel-linux-x86_64-debian-gcc | 0.10.4 | 103.76 | 87.31 | 191.07 | OK | |
r-devel-linux-x86_64-fedora-clang | 0.10.4 | 330.19 | NOTE | |||
r-devel-linux-x86_64-fedora-gcc | 0.10.4 | 306.68 | OK | |||
r-devel-windows-ix86+x86_64 | 0.10.4 | 430.00 | 195.00 | 625.00 | OK | |
r-patched-linux-x86_64 | 0.10.4 | 109.67 | 110.81 | 220.48 | OK | |
r-patched-solaris-x86 | 0.10.4 | 303.70 | OK | |||
r-release-linux-x86_64 | 0.10.4 | 111.77 | 112.62 | 224.39 | OK | |
r-release-osx-x86_64 | 0.10.4 | NOTE | ||||
r-release-windows-ix86+x86_64 | 0.10.4 | 319.00 | 181.00 | 500.00 | OK | |
r-oldrel-osx-x86_64 | 0.10.4 | NOTE | ||||
r-oldrel-windows-ix86+x86_64 | 0.10.4 | 291.00 | 250.00 | 541.00 | OK |
Version: 0.10.4
Check: installed package size
Result: NOTE
installed size is 7.4Mb
sub-directories of 1Mb or more:
libs 5.8Mb
Flavors: r-devel-linux-x86_64-fedora-clang, r-release-osx-x86_64, r-oldrel-osx-x86_64