Last updated on 2020-07-02 02:09:55 CEST.
Flavor | Version | Tinstall | Tcheck | Ttotal | Status | Flags |
---|---|---|---|---|---|---|
r-devel-linux-x86_64-debian-clang | 1.0.1 | 6.75 | 238.27 | 245.02 | OK | |
r-devel-linux-x86_64-debian-gcc | 1.0.1 | 6.06 | 169.50 | 175.56 | OK | |
r-devel-linux-x86_64-fedora-clang | 1.0.1 | 277.13 | NOTE | |||
r-devel-linux-x86_64-fedora-gcc | 1.0.1 | 236.84 | NOTE | |||
r-devel-windows-ix86+x86_64 | 1.0.1 | 25.00 | 198.00 | 223.00 | OK | |
r-patched-linux-x86_64 | 1.0.1 | 6.14 | 221.41 | 227.55 | OK | |
r-patched-solaris-x86 | 1.0.1 | 342.50 | NOTE | |||
r-release-linux-x86_64 | 1.0.1 | 4.75 | 225.17 | 229.92 | OK | |
r-release-osx-x86_64 | 1.0.1 | NOTE | ||||
r-release-windows-ix86+x86_64 | 1.0.1 | 18.00 | 188.00 | 206.00 | OK | |
r-oldrel-osx-x86_64 | 1.0.1 | NOTE | ||||
r-oldrel-windows-ix86+x86_64 | 1.0.1 | 18.00 | 256.00 | 274.00 | OK |
Version: 1.0.1
Check: dependencies in R code
Result: NOTE
Namespace in Imports field not imported from: ‘gtools’
All declared Imports should be used.
Flavors: r-devel-linux-x86_64-fedora-clang, r-devel-linux-x86_64-fedora-gcc, r-patched-solaris-x86, r-release-osx-x86_64, r-oldrel-osx-x86_64