Last updated on 2020-07-02 02:09:55 CEST.
Flavor | Version | Tinstall | Tcheck | Ttotal | Status | Flags |
---|---|---|---|---|---|---|
r-devel-linux-x86_64-debian-clang | 0.1.3 | 748.93 | 220.30 | 969.23 | NOTE | |
r-devel-linux-x86_64-debian-gcc | 0.1.3 | 571.11 | 183.39 | 754.50 | NOTE | |
r-devel-linux-x86_64-fedora-clang | 0.1.3 | 831.63 | NOTE | |||
r-devel-linux-x86_64-fedora-gcc | 0.1.3 | 803.35 | NOTE | |||
r-patched-linux-x86_64 | 0.1.3 | 566.32 | 236.42 | 802.74 | NOTE | |
r-patched-solaris-x86 | 0.1.3 | 1114.60 | NOTE | |||
r-oldrel-osx-x86_64 | 0.1.3 | NOTE |
Version: 0.1.3
Check: for GNU extensions in Makefiles
Result: NOTE
GNU make is a SystemRequirements.
Flavors: r-devel-linux-x86_64-debian-clang, r-devel-linux-x86_64-debian-gcc, r-devel-linux-x86_64-fedora-clang, r-devel-linux-x86_64-fedora-gcc, r-patched-linux-x86_64, r-patched-solaris-x86, r-oldrel-osx-x86_64
Version: 0.1.3
Check: package dependencies
Result: NOTE
Imports includes 21 non-default packages.
Importing from so many packages makes the package vulnerable to any of
them becoming unavailable. Move as many as possible to Suggests and
use conditionally.
Flavor: r-devel-linux-x86_64-fedora-clang
Version: 0.1.3
Check: installed package size
Result: NOTE
installed size is 121.5Mb
sub-directories of 1Mb or more:
doc 5.2Mb
libs 115.2Mb
Flavors: r-devel-linux-x86_64-fedora-clang, r-patched-solaris-x86, r-oldrel-osx-x86_64
Version: 0.1.3
Check: dependencies in R code
Result: NOTE
Namespace in Imports field not imported from: ‘rstantools’
All declared Imports should be used.
Flavors: r-devel-linux-x86_64-fedora-clang, r-devel-linux-x86_64-fedora-gcc, r-patched-solaris-x86, r-oldrel-osx-x86_64