Last updated on 2020-07-02 02:09:55 CEST.
Flavor | Version | Tinstall | Tcheck | Ttotal | Status | Flags |
---|---|---|---|---|---|---|
r-devel-linux-x86_64-debian-clang | 4.1.3 | 101.70 | 165.86 | 267.56 | OK | |
r-devel-linux-x86_64-debian-gcc | 4.1.3 | 72.39 | 121.38 | 193.77 | OK | |
r-devel-linux-x86_64-fedora-clang | 4.1.3 | 345.05 | OK | |||
r-devel-linux-x86_64-fedora-gcc | 4.1.3 | 319.75 | OK | |||
r-devel-windows-ix86+x86_64 | 4.1.3 | 226.00 | 257.00 | 483.00 | OK | |
r-patched-linux-x86_64 | 4.1.3 | 79.20 | 163.00 | 242.20 | OK | |
r-patched-solaris-x86 | 4.1.3 | 383.90 | OK | |||
r-release-linux-x86_64 | 4.1.3 | 79.28 | 163.30 | 242.58 | OK | |
r-release-osx-x86_64 | 4.1.3 | NOTE | ||||
r-release-windows-ix86+x86_64 | 4.1.3 | 170.00 | 283.00 | 453.00 | OK | |
r-oldrel-osx-x86_64 | 4.1.3 | NOTE | ||||
r-oldrel-windows-ix86+x86_64 | 4.1.3 | 180.00 | 324.00 | 504.00 | OK |
Version: 4.1.3
Check: installed package size
Result: NOTE
installed size is 6.6Mb
sub-directories of 1Mb or more:
libs 5.5Mb
Flavors: r-release-osx-x86_64, r-oldrel-osx-x86_64