Last updated on 2020-07-02 02:09:55 CEST.
Flavor | Version | Tinstall | Tcheck | Ttotal | Status | Flags |
---|---|---|---|---|---|---|
r-devel-linux-x86_64-debian-clang | 0.1.8 | 15.48 | 141.64 | 157.12 | OK | |
r-devel-linux-x86_64-debian-gcc | 0.1.8 | 11.94 | 103.14 | 115.08 | OK | |
r-devel-linux-x86_64-fedora-clang | 0.1.8 | 197.73 | NOTE | |||
r-devel-linux-x86_64-fedora-gcc | 0.1.8 | 189.14 | NOTE | |||
r-devel-windows-ix86+x86_64 | 0.1.8 | 52.00 | 138.00 | 190.00 | OK | |
r-patched-linux-x86_64 | 0.1.8 | 13.60 | 134.20 | 147.80 | OK | |
r-patched-solaris-x86 | 0.1.8 | 250.00 | NOTE | |||
r-release-linux-x86_64 | 0.1.8 | 16.95 | 134.47 | 151.42 | OK | |
r-release-osx-x86_64 | 0.1.8 | NOTE | ||||
r-release-windows-ix86+x86_64 | 0.1.8 | 24.00 | 141.00 | 165.00 | OK | |
r-oldrel-osx-x86_64 | 0.1.8 | NOTE | ||||
r-oldrel-windows-ix86+x86_64 | 0.1.8 | 39.00 | 184.00 | 223.00 | OK |
Version: 0.1.8
Check: dependencies in R code
Result: NOTE
Namespaces in Imports field not imported from:
‘knitr’ ‘lifecycle’ ‘lme4’ ‘methods’
All declared Imports should be used.
Flavors: r-devel-linux-x86_64-fedora-clang, r-devel-linux-x86_64-fedora-gcc, r-patched-solaris-x86, r-release-osx-x86_64, r-oldrel-osx-x86_64