CRAN Package Check Results for Package ncbit

Last updated on 2020-07-02 02:09:55 CEST.

Flavor Version Tinstall Tcheck Ttotal Status Flags
r-devel-linux-x86_64-debian-clang 2013.03.29 2.48 45.88 48.36 NOTE
r-devel-linux-x86_64-debian-gcc 2013.03.29 2.10 37.41 39.51 NOTE
r-devel-linux-x86_64-fedora-clang 2013.03.29 65.77 NOTE
r-devel-linux-x86_64-fedora-gcc 2013.03.29 57.66 NOTE
r-devel-windows-ix86+x86_64 2013.03.29 6.00 55.00 61.00 NOTE
r-patched-linux-x86_64 2013.03.29 2.61 45.02 47.63 NOTE
r-patched-solaris-x86 2013.03.29 101.20 NOTE
r-release-linux-x86_64 2013.03.29 2.57 44.73 47.30 NOTE
r-release-osx-x86_64 2013.03.29 NOTE
r-release-windows-ix86+x86_64 2013.03.29 6.00 64.00 70.00 NOTE
r-oldrel-osx-x86_64 2013.03.29 NOTE
r-oldrel-windows-ix86+x86_64 2013.03.29 5.00 70.00 75.00 NOTE

Check Details

Version: 2013.03.29
Check: DESCRIPTION meta-information
Result: NOTE
    Malformed Description field: should contain one or more complete sentences.
Flavors: r-devel-linux-x86_64-debian-clang, r-devel-linux-x86_64-debian-gcc, r-devel-linux-x86_64-fedora-clang, r-devel-linux-x86_64-fedora-gcc, r-devel-windows-ix86+x86_64, r-patched-linux-x86_64, r-patched-solaris-x86, r-release-linux-x86_64, r-release-osx-x86_64, r-release-windows-ix86+x86_64, r-oldrel-osx-x86_64, r-oldrel-windows-ix86+x86_64

Version: 2013.03.29
Check: R code for possible problems
Result: NOTE
    ncbit : FUN: no visible global function definition for 'read.table'
    ncbit : FUN: no visible global function definition for 'head'
    Undefined global functions or variables:
     head read.table
    Consider adding
     importFrom("utils", "head", "read.table")
    to your NAMESPACE file.
Flavors: r-devel-linux-x86_64-debian-clang, r-devel-linux-x86_64-debian-gcc, r-devel-linux-x86_64-fedora-clang, r-devel-linux-x86_64-fedora-gcc, r-devel-windows-ix86+x86_64, r-patched-linux-x86_64, r-patched-solaris-x86, r-release-linux-x86_64, r-release-osx-x86_64, r-release-windows-ix86+x86_64, r-oldrel-osx-x86_64, r-oldrel-windows-ix86+x86_64

Version: 2013.03.29
Check: installed package size
Result: NOTE
     installed size is 9.5Mb
     sub-directories of 1Mb or more:
     data 9.4Mb
Flavors: r-devel-linux-x86_64-fedora-clang, r-devel-windows-ix86+x86_64, r-patched-solaris-x86, r-release-osx-x86_64, r-release-windows-ix86+x86_64, r-oldrel-osx-x86_64, r-oldrel-windows-ix86+x86_64