Last updated on 2020-07-02 02:09:55 CEST.
Flavor | Version | Tinstall | Tcheck | Ttotal | Status | Flags |
---|---|---|---|---|---|---|
r-devel-linux-x86_64-debian-clang | 1.2.0 | 5.72 | 53.95 | 59.67 | OK | |
r-devel-linux-x86_64-debian-gcc | 1.2.0 | 4.10 | 40.50 | 44.60 | OK | |
r-devel-linux-x86_64-fedora-clang | 1.2.0 | 78.06 | NOTE | |||
r-devel-linux-x86_64-fedora-gcc | 1.2.0 | 69.49 | NOTE | |||
r-devel-windows-ix86+x86_64 | 1.2.0 | 29.00 | 72.00 | 101.00 | OK | |
r-patched-linux-x86_64 | 1.2.0 | 6.04 | 51.69 | 57.73 | OK | |
r-patched-solaris-x86 | 1.2.0 | 99.40 | NOTE | |||
r-release-linux-x86_64 | 1.2.0 | 5.47 | 51.42 | 56.89 | OK | |
r-release-osx-x86_64 | 1.2.0 | NOTE | ||||
r-release-windows-ix86+x86_64 | 1.2.0 | 15.00 | 71.00 | 86.00 | OK | |
r-oldrel-osx-x86_64 | 1.2.0 | NOTE | ||||
r-oldrel-windows-ix86+x86_64 | 1.2.0 | 20.00 | 90.00 | 110.00 | OK |
Version: 1.2.0
Check: dependencies in R code
Result: NOTE
Namespace in Imports field not imported from: ‘ez’
All declared Imports should be used.
Flavors: r-devel-linux-x86_64-fedora-clang, r-devel-linux-x86_64-fedora-gcc, r-patched-solaris-x86, r-release-osx-x86_64, r-oldrel-osx-x86_64