Last updated on 2020-07-02 02:09:55 CEST.
Flavor | Version | Tinstall | Tcheck | Ttotal | Status | Flags |
---|---|---|---|---|---|---|
r-devel-linux-x86_64-debian-clang | 0.1.1 | 6.56 | 51.72 | 58.28 | NOTE | |
r-devel-linux-x86_64-debian-gcc | 0.1.1 | 5.37 | 39.29 | 44.66 | NOTE | |
r-devel-linux-x86_64-fedora-clang | 0.1.1 | 79.10 | NOTE | |||
r-devel-linux-x86_64-fedora-gcc | 0.1.1 | 67.71 | NOTE | |||
r-devel-windows-ix86+x86_64 | 0.1.1 | 33.00 | 67.00 | 100.00 | NOTE | |
r-patched-linux-x86_64 | 0.1.1 | 5.09 | 50.22 | 55.31 | NOTE | |
r-patched-solaris-x86 | 0.1.1 | 100.10 | NOTE | |||
r-release-linux-x86_64 | 0.1.1 | 4.11 | 50.33 | 54.44 | NOTE | |
r-release-osx-x86_64 | 0.1.1 | NOTE | ||||
r-release-windows-ix86+x86_64 | 0.1.1 | 18.00 | 70.00 | 88.00 | NOTE | |
r-oldrel-osx-x86_64 | 0.1.1 | NOTE | ||||
r-oldrel-windows-ix86+x86_64 | 0.1.1 | 20.00 | 99.00 | 119.00 | NOTE |
Version: 0.1.1
Check: package dependencies
Result: NOTE
Package suggested but not available for checking: 'hurricaneexposuredata'
Flavors: r-devel-linux-x86_64-debian-clang, r-devel-linux-x86_64-debian-gcc, r-devel-linux-x86_64-fedora-clang, r-devel-linux-x86_64-fedora-gcc, r-devel-windows-ix86+x86_64, r-patched-linux-x86_64, r-patched-solaris-x86, r-release-linux-x86_64, r-release-osx-x86_64, r-release-windows-ix86+x86_64, r-oldrel-osx-x86_64, r-oldrel-windows-ix86+x86_64
Version: 0.1.1
Check: dependencies in R code
Result: NOTE
Namespaces in Imports field not imported from:
‘RColorBrewer’ ‘XML’ ‘choroplethr’ ‘choroplethrMaps’ ‘data.table’
‘forcats’ ‘hurricaneexposure’ ‘plyr’
All declared Imports should be used.
Flavors: r-devel-linux-x86_64-fedora-clang, r-devel-linux-x86_64-fedora-gcc, r-patched-solaris-x86, r-release-osx-x86_64, r-oldrel-osx-x86_64