CRAN Package Check Results for Package npphen

Last updated on 2020-07-02 02:09:55 CEST.

Flavor Version Tinstall Tcheck Ttotal Status Flags
r-devel-linux-x86_64-debian-clang 1.1-0 13.77 117.72 131.49 OK
r-devel-linux-x86_64-debian-gcc 1.1-0 13.17 91.66 104.83 OK
r-devel-linux-x86_64-fedora-clang 1.1-0 169.56 NOTE
r-devel-linux-x86_64-fedora-gcc 1.1-0 163.42 NOTE
r-devel-windows-ix86+x86_64 1.1-0 55.00 123.00 178.00 OK
r-patched-linux-x86_64 1.1-0 15.06 113.69 128.75 OK
r-patched-solaris-x86 1.1-0 268.00 NOTE
r-release-linux-x86_64 1.1-0 14.17 117.18 131.35 OK
r-release-osx-x86_64 1.1-0 NOTE
r-release-windows-ix86+x86_64 1.1-0 39.00 115.00 154.00 OK
r-oldrel-osx-x86_64 1.1-0 NOTE
r-oldrel-windows-ix86+x86_64 1.1-0 46.00 161.00 207.00 OK

Check Details

Version: 1.1-0
Check: dependencies in R code
Result: NOTE
    Namespace in Imports field not imported from: ‘rts’
     All declared Imports should be used.
Flavors: r-devel-linux-x86_64-fedora-clang, r-devel-linux-x86_64-fedora-gcc, r-patched-solaris-x86, r-release-osx-x86_64, r-oldrel-osx-x86_64