CRAN Package Check Results for Package nullabor

Last updated on 2020-07-02 02:09:55 CEST.

Flavor Version Tinstall Tcheck Ttotal Status Flags
r-devel-linux-x86_64-debian-clang 0.3.9 10.65 348.85 359.50 OK
r-devel-linux-x86_64-debian-gcc 0.3.9 8.26 261.57 269.83 OK
r-devel-linux-x86_64-fedora-clang 0.3.9 411.05 NOTE
r-devel-linux-x86_64-fedora-gcc 0.3.9 418.27 NOTE
r-devel-windows-ix86+x86_64 0.3.9 38.00 446.00 484.00 OK
r-patched-linux-x86_64 0.3.9 10.14 339.15 349.29 OK
r-patched-solaris-x86 0.3.9 525.40 NOTE
r-release-linux-x86_64 0.3.9 11.06 334.53 345.59 OK
r-release-osx-x86_64 0.3.9 NOTE
r-release-windows-ix86+x86_64 0.3.9 24.00 322.00 346.00 OK
r-oldrel-osx-x86_64 0.3.9 NOTE
r-oldrel-windows-ix86+x86_64 0.3.9 28.00 443.00 471.00 OK

Check Details

Version: 0.3.9
Check: dependencies in R code
Result: NOTE
    Namespaces in Imports field not imported from:
     ‘forecast’ ‘rlang’ ‘tsibble’ ‘viridis’
     All declared Imports should be used.
Flavors: r-devel-linux-x86_64-fedora-clang, r-devel-linux-x86_64-fedora-gcc, r-patched-solaris-x86, r-release-osx-x86_64, r-oldrel-osx-x86_64