CRAN Package Check Results for Package oceanis

Last updated on 2020-07-02 02:09:55 CEST.

Flavor Version Tinstall Tcheck Ttotal Status Flags
r-devel-linux-x86_64-debian-clang 1.7.3 56.40 300.16 356.56 OK
r-devel-linux-x86_64-debian-gcc 1.7.3 39.70 220.16 259.86 OK
r-devel-linux-x86_64-fedora-clang 1.7.3 409.43 NOTE
r-devel-linux-x86_64-fedora-gcc 1.7.3 404.37 NOTE
r-devel-windows-ix86+x86_64 1.7.3 114.00 405.00 519.00 OK
r-patched-linux-x86_64 1.7.3 38.93 293.04 331.97 OK
r-patched-solaris-x86 1.7.3 488.20 NOTE
r-release-linux-x86_64 1.7.3 35.81 296.37 332.18 OK
r-release-osx-x86_64 1.7.3 NOTE
r-release-windows-ix86+x86_64 1.7.3 75.00 279.00 354.00 OK
r-oldrel-osx-x86_64 1.7.3 NOTE
r-oldrel-windows-ix86+x86_64 1.7.3 103.00 377.00 480.00 OK

Check Details

Version: 1.7.3
Check: dependencies in R code
Result: NOTE
    Namespace in Imports field not imported from: ‘units’
     All declared Imports should be used.
Flavors: r-devel-linux-x86_64-fedora-clang, r-devel-linux-x86_64-fedora-gcc, r-patched-solaris-x86, r-release-osx-x86_64, r-oldrel-osx-x86_64