Last updated on 2020-07-02 02:09:55 CEST.
Flavor | Version | Tinstall | Tcheck | Ttotal | Status | Flags |
---|---|---|---|---|---|---|
r-devel-linux-x86_64-debian-clang | 0.1.1 | 16.07 | 157.33 | 173.40 | OK | |
r-devel-linux-x86_64-debian-gcc | 0.1.1 | 12.53 | 121.93 | 134.46 | OK | |
r-devel-linux-x86_64-fedora-clang | 0.1.1 | 216.77 | NOTE | |||
r-devel-linux-x86_64-fedora-gcc | 0.1.1 | 211.77 | OK | |||
r-devel-windows-ix86+x86_64 | 0.1.1 | 51.00 | 196.00 | 247.00 | NOTE | |
r-patched-linux-x86_64 | 0.1.1 | 15.87 | 146.33 | 162.20 | OK | |
r-patched-solaris-x86 | 0.1.1 | 292.80 | NOTE | |||
r-release-linux-x86_64 | 0.1.1 | 16.65 | 149.40 | 166.05 | OK | |
r-release-osx-x86_64 | 0.1.1 | NOTE | ||||
r-release-windows-ix86+x86_64 | 0.1.1 | 34.00 | 184.00 | 218.00 | NOTE | |
r-oldrel-osx-x86_64 | 0.1.1 | NOTE | ||||
r-oldrel-windows-ix86+x86_64 | 0.1.1 | 41.00 | 255.00 | 296.00 | NOTE |
Version: 0.1.1
Check: installed package size
Result: NOTE
installed size is 6.2Mb
sub-directories of 1Mb or more:
R 1.5Mb
test_files 4.2Mb
Flavors: r-devel-linux-x86_64-fedora-clang, r-devel-windows-ix86+x86_64, r-patched-solaris-x86, r-release-osx-x86_64, r-release-windows-ix86+x86_64, r-oldrel-osx-x86_64, r-oldrel-windows-ix86+x86_64