CRAN Package Check Results for Package oddstream

Last updated on 2020-07-02 02:09:55 CEST.

Flavor Version Tinstall Tcheck Ttotal Status Flags
r-devel-linux-x86_64-debian-clang 0.5.0 14.42 103.37 117.79 OK
r-devel-linux-x86_64-debian-gcc 0.5.0 12.12 77.12 89.24 OK
r-devel-linux-x86_64-fedora-clang 0.5.0 145.71 NOTE
r-devel-linux-x86_64-fedora-gcc 0.5.0 137.43 NOTE
r-devel-windows-ix86+x86_64 0.5.0 42.00 97.00 139.00 OK
r-patched-linux-x86_64 0.5.0 12.57 97.25 109.82 OK
r-patched-solaris-x86 0.5.0 198.90 NOTE
r-release-linux-x86_64 0.5.0 14.70 100.71 115.41 OK
r-release-osx-x86_64 0.5.0 NOTE
r-release-windows-ix86+x86_64 0.5.0 27.00 113.00 140.00 OK
r-oldrel-osx-x86_64 0.5.0 NOTE
r-oldrel-windows-ix86+x86_64 0.5.0 41.00 142.00 183.00 OK

Check Details

Version: 0.5.0
Check: dependencies in R code
Result: NOTE
    Namespaces in Imports field not imported from:
     ‘RColorBrewer’ ‘graphics’
     All declared Imports should be used.
Flavors: r-devel-linux-x86_64-fedora-clang, r-devel-linux-x86_64-fedora-gcc, r-patched-solaris-x86, r-release-osx-x86_64, r-oldrel-osx-x86_64