CRAN Package Check Results for Package officer

Last updated on 2020-07-02 02:09:55 CEST.

Flavor Version Tinstall Tcheck Ttotal Status Flags
r-devel-linux-x86_64-debian-clang 0.3.12 18.09 87.03 105.12 OK
r-devel-linux-x86_64-debian-gcc 0.3.12 17.20 64.94 82.14 OK
r-devel-linux-x86_64-fedora-clang 0.3.12 139.38 OK
r-devel-linux-x86_64-fedora-gcc 0.3.12 133.14 OK
r-devel-windows-ix86+x86_64 0.3.12 35.00 183.00 218.00 OK
r-patched-linux-x86_64 0.3.12 17.48 85.58 103.06 OK
r-patched-solaris-x86 0.3.12 165.80 NOTE
r-release-linux-x86_64 0.3.12 17.02 86.57 103.59 OK
r-release-osx-x86_64 0.3.12 OK
r-release-windows-ix86+x86_64 0.3.12 36.00 158.00 194.00 OK
r-oldrel-osx-x86_64 0.3.12 OK
r-oldrel-windows-ix86+x86_64 0.3.12 24.00 122.00 146.00 OK

Check Details

Version: 0.3.12
Check: package dependencies
Result: NOTE
    Package suggested but not available for checking: ‘rsvg’
Flavor: r-patched-solaris-x86