Last updated on 2020-07-02 02:09:56 CEST.
Flavor | Version | Tinstall | Tcheck | Ttotal | Status | Flags |
---|---|---|---|---|---|---|
r-devel-linux-x86_64-debian-clang | 4.1.5 | 125.02 | 106.40 | 231.42 | OK | |
r-devel-linux-x86_64-debian-gcc | 4.1.5 | 97.85 | 80.97 | 178.82 | OK | |
r-devel-linux-x86_64-fedora-clang | 4.1.5 | 315.34 | NOTE | |||
r-devel-linux-x86_64-fedora-gcc | 4.1.5 | 299.56 | OK | |||
r-devel-windows-ix86+x86_64 | 4.1.5 | 276.00 | 186.00 | 462.00 | OK | |
r-patched-linux-x86_64 | 4.1.5 | 111.71 | 106.75 | 218.46 | OK | |
r-patched-solaris-x86 | 4.1.5 | 316.20 | OK | |||
r-release-linux-x86_64 | 4.1.5 | 105.50 | 105.21 | 210.71 | OK | |
r-release-osx-x86_64 | 4.1.5 | NOTE | ||||
r-release-windows-ix86+x86_64 | 4.1.5 | 196.00 | 194.00 | 390.00 | OK | |
r-oldrel-osx-x86_64 | 4.1.5 | NOTE | ||||
r-oldrel-windows-ix86+x86_64 | 4.1.5 | 201.00 | 319.00 | 520.00 | OK |
Version: 4.1.5
Check: installed package size
Result: NOTE
installed size is 8.4Mb
sub-directories of 1Mb or more:
extdata 1.0Mb
libs 6.3Mb
Flavors: r-devel-linux-x86_64-fedora-clang, r-release-osx-x86_64, r-oldrel-osx-x86_64