CRAN Package Check Results for Package optimCheck

Last updated on 2020-07-02 02:09:56 CEST.

Flavor Version Tinstall Tcheck Ttotal Status Flags
r-devel-linux-x86_64-debian-clang 1.0 2.15 77.02 79.17 OK
r-devel-linux-x86_64-debian-gcc 1.0 1.62 53.46 55.08 ERROR
r-devel-linux-x86_64-fedora-clang 1.0 95.86 OK
r-devel-linux-x86_64-fedora-gcc 1.0 88.15 OK
r-devel-windows-ix86+x86_64 1.0 8.00 78.00 86.00 OK
r-patched-linux-x86_64 1.0 2.08 72.39 74.47 OK
r-patched-solaris-x86 1.0 127.90 OK
r-release-linux-x86_64 1.0 1.91 74.82 76.73 OK
r-release-osx-x86_64 1.0 OK
r-release-windows-ix86+x86_64 1.0 6.00 80.00 86.00 OK
r-oldrel-osx-x86_64 1.0 OK
r-oldrel-windows-ix86+x86_64 1.0 5.00 99.00 104.00 OK

Check Details

Version: 1.0
Check: tests
Result: ERROR
     Running ‘testthat.R’ [35s/51s]
    Running the tests in ‘tests/testthat.R’ failed.
    Complete output:
     > library(testthat)
     > library(optimCheck)
     >
     > test_check("optimCheck")
     ── 1. Failure: mclust::emEEE converges to local mode. (@test-mclust_EEE.R#24) ─
     max.xdiff(ocheck) is not strictly less than 0.01. Difference: 0.00429
    
     ══ testthat results ═══════════════════════════════════════════════════════════
     [ OK: 129 | SKIPPED: 0 | WARNINGS: 0 | FAILED: 1 ]
     1. Failure: mclust::emEEE converges to local mode. (@test-mclust_EEE.R#24)
    
     Error: testthat unit tests failed
     Execution halted
Flavor: r-devel-linux-x86_64-debian-gcc