Last updated on 2020-07-02 02:09:56 CEST.
Flavor | Version | Tinstall | Tcheck | Ttotal | Status | Flags |
---|---|---|---|---|---|---|
r-devel-linux-x86_64-debian-clang | 0.5.2 | 43.82 | 72.11 | 115.93 | OK | |
r-devel-linux-x86_64-debian-gcc | 0.5.2 | 28.82 | 54.58 | 83.40 | OK | |
r-devel-linux-x86_64-fedora-clang | 0.5.2 | 151.40 | OK | |||
r-devel-linux-x86_64-fedora-gcc | 0.5.2 | 131.96 | OK | |||
r-devel-windows-ix86+x86_64 | 0.5.2 | 112.00 | 118.00 | 230.00 | NOTE | |
r-patched-linux-x86_64 | 0.5.2 | 30.19 | 69.21 | 99.40 | OK | |
r-patched-solaris-x86 | 0.5.2 | 155.90 | OK | |||
r-release-linux-x86_64 | 0.5.2 | 27.92 | 72.11 | 100.03 | OK | |
r-release-osx-x86_64 | 0.5.2 | OK | ||||
r-release-windows-ix86+x86_64 | 0.5.2 | 81.00 | 117.00 | 198.00 | NOTE | |
r-oldrel-osx-x86_64 | 0.5.2 | OK | ||||
r-oldrel-windows-ix86+x86_64 | 0.5.2 | 87.00 | 152.00 | 239.00 | OK |
Version: 0.5.2
Check: installed package size
Result: NOTE
installed size is 5.2Mb
sub-directories of 1Mb or more:
data 1.7Mb
doc 1.3Mb
libs 2.0Mb
Flavors: r-devel-windows-ix86+x86_64, r-release-windows-ix86+x86_64