Last updated on 2020-07-02 02:09:56 CEST.
Flavor | Version | Tinstall | Tcheck | Ttotal | Status | Flags |
---|---|---|---|---|---|---|
r-devel-linux-x86_64-debian-clang | 0.1.2 | 7.20 | 79.90 | 87.10 | OK | |
r-devel-linux-x86_64-debian-gcc | 0.1.2 | 7.09 | 61.43 | 68.52 | OK | |
r-devel-linux-x86_64-fedora-clang | 0.1.2 | 108.33 | NOTE | |||
r-devel-linux-x86_64-fedora-gcc | 0.1.2 | 114.56 | OK | |||
r-devel-windows-ix86+x86_64 | 0.1.2 | 21.00 | 106.00 | 127.00 | OK | |
r-patched-linux-x86_64 | 0.1.2 | 9.01 | 78.85 | 87.86 | OK | |
r-patched-solaris-x86 | 0.1.2 | 139.30 | OK | |||
r-release-linux-x86_64 | 0.1.2 | 6.51 | 83.86 | 90.37 | OK | |
r-release-osx-x86_64 | 0.1.2 | OK | ||||
r-release-windows-ix86+x86_64 | 0.1.2 | 14.00 | 91.00 | 105.00 | OK | |
r-oldrel-osx-x86_64 | 0.1.2 | OK | ||||
r-oldrel-windows-ix86+x86_64 | 0.1.2 | 38.00 | 133.00 | 171.00 | OK |
Version: 0.1.2
Check: package dependencies
Result: NOTE
Imports includes 21 non-default packages.
Importing from so many packages makes the package vulnerable to any of
them becoming unavailable. Move as many as possible to Suggests and
use conditionally.
Flavor: r-devel-linux-x86_64-fedora-clang