Last updated on 2020-07-02 02:09:56 CEST.
Flavor | Version | Tinstall | Tcheck | Ttotal | Status | Flags |
---|---|---|---|---|---|---|
r-devel-linux-x86_64-debian-clang | 1.6 | 4.59 | 70.68 | 75.27 | OK | |
r-devel-linux-x86_64-debian-gcc | 1.6 | 3.46 | 55.17 | 58.63 | OK | |
r-devel-linux-x86_64-fedora-clang | 1.6 | 99.09 | OK | |||
r-devel-linux-x86_64-fedora-gcc | 1.6 | 97.31 | OK | |||
r-devel-windows-ix86+x86_64 | 1.6 | 14.00 | 89.00 | 103.00 | OK | |
r-patched-linux-x86_64 | 1.6 | 4.33 | 70.17 | 74.50 | OK | |
r-patched-solaris-x86 | 1.6 | 158.20 | OK | |||
r-release-linux-x86_64 | 1.6 | 5.10 | 72.46 | 77.56 | OK | |
r-release-osx-x86_64 | 1.6 | OK | ||||
r-release-windows-ix86+x86_64 | 1.6 | 10.00 | 91.00 | 101.00 | OK | |
r-oldrel-osx-x86_64 | 1.6 | NOTE | ||||
r-oldrel-windows-ix86+x86_64 | 1.6 | 9.00 | 119.00 | 128.00 | OK |
Version: 1.6
Check: dependencies in R code
Result: NOTE
No protocol specified
Flavor: r-oldrel-osx-x86_64