CRAN Package Check Results for Package partialOR

Last updated on 2020-07-02 02:09:56 CEST.

Flavor Version Tinstall Tcheck Ttotal Status Flags
r-devel-linux-x86_64-debian-clang 0.9 1.85 28.20 30.05 NOTE
r-devel-linux-x86_64-debian-gcc 0.9 1.66 21.32 22.98 NOTE
r-devel-linux-x86_64-fedora-clang 0.9 43.66 NOTE
r-devel-linux-x86_64-fedora-gcc 0.9 34.65 NOTE
r-devel-windows-ix86+x86_64 0.9 10.00 51.00 61.00 NOTE
r-patched-linux-x86_64 0.9 2.00 27.82 29.82 NOTE
r-patched-solaris-x86 0.9 47.80 NOTE
r-release-linux-x86_64 0.9 1.73 28.81 30.54 NOTE
r-release-osx-x86_64 0.9 NOTE
r-release-windows-ix86+x86_64 0.9 5.00 42.00 47.00 NOTE
r-oldrel-osx-x86_64 0.9 NOTE
r-oldrel-windows-ix86+x86_64 0.9 6.00 50.00 56.00 NOTE

Check Details

Version: 0.9
Check: DESCRIPTION meta-information
Result: NOTE
    Malformed Description field: should contain one or more complete sentences.
Flavors: r-devel-linux-x86_64-debian-clang, r-devel-linux-x86_64-debian-gcc, r-devel-linux-x86_64-fedora-clang, r-devel-linux-x86_64-fedora-gcc, r-devel-windows-ix86+x86_64, r-patched-linux-x86_64, r-patched-solaris-x86, r-release-linux-x86_64, r-release-osx-x86_64, r-release-windows-ix86+x86_64, r-oldrel-osx-x86_64, r-oldrel-windows-ix86+x86_64

Version: 0.9
Check: dependencies in R code
Result: NOTE
    Package in Depends field not imported from: 'nnet'
     These packages need to be imported from (in the NAMESPACE file)
     for when this namespace is loaded but not attached.
Flavors: r-devel-linux-x86_64-debian-clang, r-devel-linux-x86_64-debian-gcc, r-devel-linux-x86_64-fedora-clang, r-devel-linux-x86_64-fedora-gcc, r-devel-windows-ix86+x86_64, r-patched-linux-x86_64, r-patched-solaris-x86, r-release-linux-x86_64, r-release-osx-x86_64, r-release-windows-ix86+x86_64, r-oldrel-osx-x86_64, r-oldrel-windows-ix86+x86_64

Version: 0.9
Check: R code for possible problems
Result: NOTE
    fitOR: no visible global function definition for 'multinom'
    fitOR: no visible global function definition for 'formula'
    fitOR: no visible global function definition for 'coef'
    fitOR: no visible global function definition for 'optim'
    reportOR: no visible global function definition for 'qnorm'
    reportOR: no visible global function definition for 'pchisq'
    reportOR: no visible global function definition for 'coef'
    simData: no visible global function definition for 'rnorm'
    simData: no visible global function definition for 'runif'
    Undefined global functions or variables:
     coef formula multinom optim pchisq qnorm rnorm runif
    Consider adding
     importFrom("stats", "coef", "formula", "optim", "pchisq", "qnorm",
     "rnorm", "runif")
    to your NAMESPACE file.
Flavors: r-devel-linux-x86_64-debian-clang, r-devel-linux-x86_64-debian-gcc, r-devel-linux-x86_64-fedora-clang, r-devel-linux-x86_64-fedora-gcc, r-devel-windows-ix86+x86_64, r-patched-linux-x86_64, r-patched-solaris-x86, r-release-linux-x86_64, r-release-osx-x86_64, r-release-windows-ix86+x86_64, r-oldrel-osx-x86_64, r-oldrel-windows-ix86+x86_64