Last updated on 2020-07-02 02:09:56 CEST.
Flavor | Version | Tinstall | Tcheck | Ttotal | Status | Flags |
---|---|---|---|---|---|---|
r-devel-linux-x86_64-debian-clang | 1.0.0 | 57.22 | 203.62 | 260.84 | NOTE | |
r-devel-linux-x86_64-debian-gcc | 1.0.0 | 42.97 | 143.52 | 186.49 | NOTE | |
r-devel-linux-x86_64-fedora-clang | 1.0.0 | 358.69 | NOTE | |||
r-devel-linux-x86_64-fedora-gcc | 1.0.0 | 344.09 | NOTE | |||
r-devel-windows-ix86+x86_64 | 1.0.0 | 166.00 | 346.00 | 512.00 | NOTE | |
r-patched-linux-x86_64 | 1.0.0 | 49.70 | 197.68 | 247.38 | NOTE | |
r-patched-solaris-x86 | 1.0.0 | 503.30 | NOTE | |||
r-release-linux-x86_64 | 1.0.0 | 50.39 | 204.00 | 254.39 | NOTE | |
r-release-osx-x86_64 | 1.0.0 | NOTE | ||||
r-release-windows-ix86+x86_64 | 1.0.0 | 116.00 | 253.00 | 369.00 | NOTE | |
r-oldrel-osx-x86_64 | 1.0.0 | NOTE | ||||
r-oldrel-windows-ix86+x86_64 | 1.0.0 | 134.00 | 340.00 | 474.00 | NOTE |
Version: 1.0.0
Check: for GNU extensions in Makefiles
Result: NOTE
GNU make is a SystemRequirements.
Flavors: r-devel-linux-x86_64-debian-clang, r-devel-linux-x86_64-debian-gcc, r-devel-linux-x86_64-fedora-clang, r-devel-linux-x86_64-fedora-gcc, r-devel-windows-ix86+x86_64, r-patched-linux-x86_64, r-patched-solaris-x86, r-release-linux-x86_64, r-release-osx-x86_64, r-release-windows-ix86+x86_64, r-oldrel-osx-x86_64, r-oldrel-windows-ix86+x86_64
Version: 1.0.0
Check: installed package size
Result: NOTE
installed size is 5.1Mb
sub-directories of 1Mb or more:
doc 1.4Mb
libs 2.8Mb
Flavor: r-devel-linux-x86_64-fedora-clang