Last updated on 2020-07-02 02:09:56 CEST.
Flavor | Version | Tinstall | Tcheck | Ttotal | Status | Flags |
---|---|---|---|---|---|---|
r-devel-linux-x86_64-debian-clang | 2.2-13 | 27.17 | 90.83 | 118.00 | OK | |
r-devel-linux-x86_64-debian-gcc | 2.2-13 | 18.84 | 69.67 | 88.51 | OK | |
r-devel-linux-x86_64-fedora-clang | 2.2-13 | 156.73 | OK | |||
r-devel-linux-x86_64-fedora-gcc | 2.2-13 | 140.76 | OK | |||
r-devel-windows-ix86+x86_64 | 2.2-13 | 65.00 | 111.00 | 176.00 | OK | |
r-patched-linux-x86_64 | 2.2-13 | 23.00 | 91.45 | 114.45 | OK | |
r-patched-solaris-x86 | 2.2-13 | 203.60 | OK | |||
r-release-linux-x86_64 | 2.2-13 | 24.22 | 92.27 | 116.49 | OK | |
r-release-osx-x86_64 | 2.2-13 | OK | ||||
r-release-windows-ix86+x86_64 | 2.2-13 | 47.00 | 116.00 | 163.00 | OK | |
r-oldrel-osx-x86_64 | 2.2-13 | FAIL | ||||
r-oldrel-windows-ix86+x86_64 | 2.2-13 | 42.00 | 145.00 | 187.00 | OK |
Version: 2.2-13
Check: whether package can be installed
Result: FAIL
Flavor: r-oldrel-osx-x86_64