Last updated on 2020-07-02 02:09:56 CEST.
Flavor | Version | Tinstall | Tcheck | Ttotal | Status | Flags |
---|---|---|---|---|---|---|
r-devel-linux-x86_64-debian-clang | 0.7.0 | 6.95 | 65.81 | 72.76 | OK | |
r-devel-linux-x86_64-debian-gcc | 0.7.0 | 5.50 | 49.61 | 55.11 | OK | |
r-devel-linux-x86_64-fedora-clang | 0.7.0 | 96.97 | NOTE | |||
r-devel-linux-x86_64-fedora-gcc | 0.7.0 | 84.22 | OK | |||
r-devel-windows-ix86+x86_64 | 0.7.0 | 29.00 | 103.00 | 132.00 | OK | |
r-patched-linux-x86_64 | 0.7.0 | 7.99 | 64.15 | 72.14 | OK | |
r-patched-solaris-x86 | 0.7.0 | 122.30 | OK | |||
r-release-linux-x86_64 | 0.7.0 | 7.38 | 64.11 | 71.49 | OK | |
r-release-osx-x86_64 | 0.7.0 | OK | ||||
r-release-windows-ix86+x86_64 | 0.7.0 | 19.00 | 104.00 | 123.00 | OK | |
r-oldrel-osx-x86_64 | 0.7.0 | OK | ||||
r-oldrel-windows-ix86+x86_64 | 0.7.0 | 25.00 | 131.00 | 156.00 | OK |
Version: 0.7.0
Check: Rd cross-references
Result: NOTE
Undeclared packages ‘mlbench’, ‘foreach’, ‘ICEbox’ in Rd xrefs
Flavor: r-devel-linux-x86_64-fedora-clang