Last updated on 2020-07-02 02:09:56 CEST.
Flavor | Version | Tinstall | Tcheck | Ttotal | Status | Flags |
---|---|---|---|---|---|---|
r-devel-linux-x86_64-debian-clang | 0.13 | 29.30 | 207.00 | 236.30 | OK | |
r-devel-linux-x86_64-debian-gcc | 0.13 | 21.81 | 155.00 | 176.81 | OK | |
r-devel-linux-x86_64-fedora-clang | 0.13 | 296.58 | NOTE | |||
r-devel-linux-x86_64-fedora-gcc | 0.13 | 289.12 | OK | |||
r-devel-windows-ix86+x86_64 | 0.13 | 86.00 | 271.00 | 357.00 | OK | |
r-patched-linux-x86_64 | 0.13 | 26.33 | 199.20 | 225.53 | OK | |
r-patched-solaris-x86 | 0.13 | 396.40 | OK | |||
r-release-linux-x86_64 | 0.13 | 26.74 | 200.70 | 227.44 | OK | |
r-release-osx-x86_64 | 0.13 | OK | ||||
r-release-windows-ix86+x86_64 | 0.13 | 52.00 | 285.00 | 337.00 | OK | |
r-oldrel-osx-x86_64 | 0.13 | OK | ||||
r-oldrel-windows-ix86+x86_64 | 0.13 | 61.00 | 347.00 | 408.00 | OK |
Version: 0.13
Check: Rd cross-references
Result: NOTE
Undeclared packages ‘ade4’, ‘vegan’ in Rd xrefs
Flavor: r-devel-linux-x86_64-fedora-clang