Last updated on 2020-07-02 02:09:56 CEST.
Flavor | Version | Tinstall | Tcheck | Ttotal | Status | Flags |
---|---|---|---|---|---|---|
r-devel-linux-x86_64-debian-clang | 1.1.2 | 7.56 | 39.54 | 47.10 | OK | |
r-devel-linux-x86_64-debian-gcc | 1.1.2 | 3.96 | 30.25 | 34.21 | OK | |
r-devel-linux-x86_64-fedora-clang | 1.1.2 | 62.46 | NOTE | |||
r-devel-linux-x86_64-fedora-gcc | 1.1.2 | 52.64 | NOTE | |||
r-devel-windows-ix86+x86_64 | 1.1.2 | 18.00 | 44.00 | 62.00 | OK | |
r-patched-linux-x86_64 | 1.1.2 | 6.00 | 39.20 | 45.20 | OK | |
r-patched-solaris-x86 | 1.1.2 | 73.70 | NOTE | |||
r-release-linux-x86_64 | 1.1.2 | 5.70 | 39.50 | 45.20 | OK | |
r-release-osx-x86_64 | 1.1.2 | NOTE | ||||
r-release-windows-ix86+x86_64 | 1.1.2 | 11.00 | 48.00 | 59.00 | OK | |
r-oldrel-osx-x86_64 | 1.1.2 | NOTE | ||||
r-oldrel-windows-ix86+x86_64 | 1.1.2 | 10.00 | 65.00 | 75.00 | OK |
Version: 1.1.2
Check: dependencies in R code
Result: NOTE
Namespace in Imports field not imported from: ‘lhs’
All declared Imports should be used.
Flavors: r-devel-linux-x86_64-fedora-clang, r-devel-linux-x86_64-fedora-gcc, r-patched-solaris-x86, r-release-osx-x86_64, r-oldrel-osx-x86_64