Last updated on 2020-07-02 02:09:57 CEST.
Flavor | Version | Tinstall | Tcheck | Ttotal | Status | Flags |
---|---|---|---|---|---|---|
r-devel-linux-x86_64-debian-clang | 1.0.2 | 15.89 | 163.20 | 179.09 | OK | |
r-devel-linux-x86_64-debian-gcc | 1.0.2 | 14.59 | 122.33 | 136.92 | OK | |
r-devel-linux-x86_64-fedora-clang | 1.0.2 | 223.59 | NOTE | |||
r-devel-linux-x86_64-fedora-gcc | 1.0.2 | 213.92 | OK | |||
r-devel-windows-ix86+x86_64 | 1.0.2 | 49.00 | 164.00 | 213.00 | OK | |
r-patched-linux-x86_64 | 1.0.2 | 15.17 | 157.50 | 172.67 | OK | |
r-patched-solaris-x86 | 1.0.2 | 313.90 | OK | |||
r-release-linux-x86_64 | 1.0.2 | 16.36 | 156.72 | 173.08 | OK | |
r-release-osx-x86_64 | 1.0.2 | OK | ||||
r-release-windows-ix86+x86_64 | 1.0.2 | 30.00 | 160.00 | 190.00 | OK | |
r-oldrel-osx-x86_64 | 1.0.2 | OK | ||||
r-oldrel-windows-ix86+x86_64 | 1.0.2 | 43.00 | 221.00 | 264.00 | OK |
Version: 1.0.2
Check: Rd cross-references
Result: NOTE
Undeclared package ‘picante’ in Rd xrefs
Flavor: r-devel-linux-x86_64-fedora-clang