Last updated on 2020-07-02 02:09:57 CEST.
Flavor | Version | Tinstall | Tcheck | Ttotal | Status | Flags |
---|---|---|---|---|---|---|
r-devel-linux-x86_64-debian-clang | 0.1.0 | 10.53 | 80.06 | 90.59 | OK | |
r-devel-linux-x86_64-debian-gcc | 0.1.0 | 8.52 | 61.60 | 70.12 | OK | |
r-devel-linux-x86_64-fedora-clang | 0.1.0 | 118.85 | NOTE | |||
r-devel-linux-x86_64-fedora-gcc | 0.1.0 | 108.72 | OK | |||
r-devel-windows-ix86+x86_64 | 0.1.0 | 26.00 | 91.00 | 117.00 | OK | |
r-patched-linux-x86_64 | 0.1.0 | 9.20 | 78.82 | 88.02 | OK | |
r-patched-solaris-x86 | 0.1.0 | 156.40 | OK | |||
r-release-linux-x86_64 | 0.1.0 | 9.02 | 78.65 | 87.67 | OK | |
r-release-osx-x86_64 | 0.1.0 | OK | ||||
r-release-windows-ix86+x86_64 | 0.1.0 | 18.00 | 83.00 | 101.00 | OK | |
r-oldrel-osx-x86_64 | 0.1.0 | OK | ||||
r-oldrel-windows-ix86+x86_64 | 0.1.0 | 22.00 | 126.00 | 148.00 | OK |
Version: 0.1.0
Check: Rd cross-references
Result: NOTE
Undeclared package ‘sp’ in Rd xrefs
Flavor: r-devel-linux-x86_64-fedora-clang