CRAN Package Check Results for Package pls

Last updated on 2020-07-02 02:09:57 CEST.

Flavor Version Tinstall Tcheck Ttotal Status Flags
r-devel-linux-x86_64-debian-clang 2.7-2 6.71 61.97 68.68 OK
r-devel-linux-x86_64-debian-gcc 2.7-2 5.50 47.38 52.88 OK
r-devel-linux-x86_64-fedora-clang 2.7-2 88.52 NOTE
r-devel-linux-x86_64-fedora-gcc 2.7-2 79.08 OK
r-devel-windows-ix86+x86_64 2.7-2 13.00 78.00 91.00 OK
r-patched-linux-x86_64 2.7-2 6.87 60.78 67.65 OK
r-patched-solaris-x86 2.7-2 127.00 OK
r-release-linux-x86_64 2.7-2 5.74 60.73 66.47 OK
r-release-osx-x86_64 2.7-2 NOTE
r-release-windows-ix86+x86_64 2.7-2 12.00 76.00 88.00 OK
r-oldrel-osx-x86_64 2.7-2 NOTE
r-oldrel-windows-ix86+x86_64 2.7-2 10.00 142.00 152.00 OK

Additional issues

MKL

Check Details

Version: 2.7-2
Check: Rd cross-references
Result: NOTE
    Undeclared package ‘sm’ in Rd xrefs
Flavor: r-devel-linux-x86_64-fedora-clang

Version: 2.7-2
Check: package dependencies
Result: NOTE
    Package suggested but not available for checking: ‘Rmpi’
Flavors: r-release-osx-x86_64, r-oldrel-osx-x86_64