CRAN Package Check Results for Package pmc

Last updated on 2020-07-02 02:09:57 CEST.

Flavor Version Tinstall Tcheck Ttotal Status Flags
r-devel-linux-x86_64-debian-clang 1.0.3 10.81 205.29 216.10 OK --no-vignettes
r-devel-linux-x86_64-debian-gcc 1.0.3 8.90 149.55 158.45 OK --no-vignettes
r-devel-linux-x86_64-fedora-clang 1.0.3 1155.79 OK
r-devel-linux-x86_64-fedora-gcc 1.0.3 1262.13 OK
r-devel-windows-ix86+x86_64 1.0.3 46.00 247.00 293.00 OK --no-vignettes
r-patched-linux-x86_64 1.0.3 9.94 191.92 201.86 OK --no-vignettes
r-patched-solaris-x86 1.0.3 1439.80 OK
r-release-linux-x86_64 1.0.3 10.96 204.75 215.71 OK --no-vignettes
r-release-osx-x86_64 1.0.3 OK
r-release-windows-ix86+x86_64 1.0.3 23.00 208.00 231.00 OK --no-vignettes
r-oldrel-osx-x86_64 1.0.3 FAIL
r-oldrel-windows-ix86+x86_64 1.0.3 37.00 265.00 302.00 OK --no-vignettes

Check Details

Version: 1.0.3
Check: re-building of vignette outputs
Result: WARN
    Error(s) in re-building vignettes:
    --- re-building ‘pmc_tutorial.Rmd’ using rmarkdown
    Warning in engine$weave(file, quiet = quiet, encoding = enc) :
     Pandoc (>= 1.12.3) and/or pandoc-citeproc not available. Falling back to R Markdown v1.
    Loading required package: ape
    Loading required package: subplex
    
    Attaching package: 'dplyr'
    
    The following objects are masked from 'package:stats':
    
     filter, lag
    
    The following objects are masked from 'package:base':
    
     intersect, setdiff, setequal, union
    
    
    Attaching package: 'gridExtra'
    
    The following object is masked from 'package:dplyr':
    
     combine
    
    Warning in fitContinuous(phy = att$cache$phy, model = att$model, ..., ncores = 1) :
     Parameter estimates appear at bounds:
     lambda
    Warning in fitContinuous(phy = att$cache$phy, model = att$model, ..., ncores = 1) :
     Parameter estimates appear at bounds:
     lambda
    Warning in fitContinuous(phy = att$cache$phy, model = att$model, ..., ncores = 1) :
     Parameter estimates appear at bounds:
     lambda
    Warning in fitContinuous(phy = att$cache$phy, model = att$model, ..., ncores = 1) :
     Parameter estimates appear at bounds:
     lambda
    
    Execution halted
Flavor: r-oldrel-osx-x86_64

Version: 1.0.3
Check: PDF version of manual
Result: FAIL
Flavor: r-oldrel-osx-x86_64