Last updated on 2020-07-02 02:09:57 CEST.
Flavor | Version | Tinstall | Tcheck | Ttotal | Status | Flags |
---|---|---|---|---|---|---|
r-devel-linux-x86_64-debian-clang | 0.4.0 | 11.59 | 320.57 | 332.16 | OK | |
r-devel-linux-x86_64-debian-gcc | 0.4.0 | 10.48 | 232.55 | 243.03 | OK | |
r-devel-linux-x86_64-fedora-clang | 0.4.0 | 373.30 | OK | |||
r-devel-linux-x86_64-fedora-gcc | 0.4.0 | 376.64 | OK | |||
r-devel-windows-ix86+x86_64 | 0.4.0 | 35.00 | 291.00 | 326.00 | OK | |
r-patched-linux-x86_64 | 0.4.0 | 11.17 | 307.94 | 319.11 | OK | |
r-patched-solaris-x86 | 0.4.0 | 444.20 | NOTE | |||
r-release-linux-x86_64 | 0.4.0 | 11.48 | 307.49 | 318.97 | OK | |
r-release-osx-x86_64 | 0.4.0 | OK | ||||
r-release-windows-ix86+x86_64 | 0.4.0 | 20.00 | 290.00 | 310.00 | OK | |
r-oldrel-osx-x86_64 | 0.4.0 | OK | ||||
r-oldrel-windows-ix86+x86_64 | 0.4.0 | 27.00 | 362.00 | 389.00 | OK |
Version: 0.4.0
Check: package dependencies
Result: NOTE
Package suggested but not available for checking: ‘RPostgres’
Flavor: r-patched-solaris-x86