Last updated on 2020-07-02 02:09:57 CEST.
Flavor | Version | Tinstall | Tcheck | Ttotal | Status | Flags |
---|---|---|---|---|---|---|
r-devel-linux-x86_64-debian-clang | 0.94 | 2.10 | 21.04 | 23.14 | NOTE | |
r-devel-linux-x86_64-debian-gcc | 0.94 | 1.64 | 16.38 | 18.02 | NOTE | |
r-devel-linux-x86_64-fedora-clang | 0.94 | 36.51 | NOTE | |||
r-devel-linux-x86_64-fedora-gcc | 0.94 | 27.46 | NOTE | |||
r-devel-windows-ix86+x86_64 | 0.94 | 5.00 | 29.00 | 34.00 | NOTE | |
r-patched-linux-x86_64 | 0.94 | 1.97 | 20.98 | 22.95 | NOTE | |
r-patched-solaris-x86 | 0.94 | 41.50 | NOTE | |||
r-release-linux-x86_64 | 0.94 | 1.99 | 21.35 | 23.34 | NOTE | |
r-release-osx-x86_64 | 0.94 | NOTE | ||||
r-release-windows-ix86+x86_64 | 0.94 | 5.00 | 36.00 | 41.00 | NOTE | |
r-oldrel-osx-x86_64 | 0.94 | NOTE | ||||
r-oldrel-windows-ix86+x86_64 | 0.94 | 5.00 | 41.00 | 46.00 | NOTE |
Version: 0.94
Check: R code for possible problems
Result: NOTE
pps1: no visible global function definition for 'runif'
ppss: no visible global function definition for 'runif'
ppswr: no visible global function definition for 'runif'
Undefined global functions or variables:
runif
Consider adding
importFrom("stats", "runif")
to your NAMESPACE file.
Flavors: r-devel-linux-x86_64-debian-clang, r-devel-linux-x86_64-debian-gcc, r-devel-linux-x86_64-fedora-clang, r-devel-linux-x86_64-fedora-gcc, r-devel-windows-ix86+x86_64, r-patched-linux-x86_64, r-patched-solaris-x86, r-release-linux-x86_64, r-release-osx-x86_64, r-release-windows-ix86+x86_64, r-oldrel-osx-x86_64, r-oldrel-windows-ix86+x86_64
Version: 0.94
Check: Rd files
Result: NOTE
prepare_Rd: calif.Rd:5-6: Dropping empty section \arguments
prepare_Rd: calif.Rd:8-9: Dropping empty section \examples
prepare_Rd: califcty.Rd:5-6: Dropping empty section \arguments
prepare_Rd: califcty.Rd:8-9: Dropping empty section \examples
prepare_Rd: sizesok.Rd:12-13: Dropping empty section \examples
prepare_Rd: stratumsizes.Rd:11-12: Dropping empty section \examples
Flavors: r-devel-linux-x86_64-debian-clang, r-devel-linux-x86_64-debian-gcc, r-devel-linux-x86_64-fedora-clang, r-devel-linux-x86_64-fedora-gcc, r-devel-windows-ix86+x86_64, r-patched-linux-x86_64, r-patched-solaris-x86, r-release-linux-x86_64, r-release-osx-x86_64, r-release-windows-ix86+x86_64, r-oldrel-osx-x86_64, r-oldrel-windows-ix86+x86_64