Last updated on 2020-07-02 02:09:57 CEST.
Flavor | Version | Tinstall | Tcheck | Ttotal | Status | Flags |
---|---|---|---|---|---|---|
r-devel-linux-x86_64-debian-clang | 1.1.1 | 2.53 | 19.96 | 22.49 | OK | |
r-devel-linux-x86_64-debian-gcc | 1.1.1 | 1.95 | 15.74 | 17.69 | OK | |
r-devel-linux-x86_64-fedora-clang | 1.1.1 | 35.54 | NOTE | |||
r-devel-linux-x86_64-fedora-gcc | 1.1.1 | 26.29 | NOTE | |||
r-devel-windows-ix86+x86_64 | 1.1.1 | 8.00 | 45.00 | 53.00 | OK | |
r-patched-linux-x86_64 | 1.1.1 | 2.04 | 19.90 | 21.94 | OK | |
r-patched-solaris-x86 | 1.1.1 | 40.90 | NOTE | |||
r-release-linux-x86_64 | 1.1.1 | 2.30 | 19.93 | 22.23 | OK | |
r-release-osx-x86_64 | 1.1.1 | NOTE | ||||
r-release-windows-ix86+x86_64 | 1.1.1 | 5.00 | 29.00 | 34.00 | OK | |
r-oldrel-osx-x86_64 | 1.1.1 | NOTE | ||||
r-oldrel-windows-ix86+x86_64 | 1.1.1 | 4.00 | 40.00 | 44.00 | OK |
Version: 1.1.1
Check: dependencies in R code
Result: NOTE
Namespaces in Imports field not imported from:
‘lmtest’ ‘sandwich’
All declared Imports should be used.
Flavors: r-devel-linux-x86_64-fedora-clang, r-devel-linux-x86_64-fedora-gcc, r-patched-solaris-x86, r-release-osx-x86_64, r-oldrel-osx-x86_64