CRAN Package Check Results for Package proustr

Last updated on 2020-07-02 02:09:57 CEST.

Flavor Version Tinstall Tcheck Ttotal Status Flags
r-devel-linux-x86_64-debian-clang 0.4.0 6.39 51.83 58.22 OK
r-devel-linux-x86_64-debian-gcc 0.4.0 6.28 40.36 46.64 OK
r-devel-linux-x86_64-fedora-clang 0.4.0 79.82 NOTE
r-devel-linux-x86_64-fedora-gcc 0.4.0 68.22 NOTE
r-devel-windows-ix86+x86_64 0.4.0 33.00 70.00 103.00 OK
r-patched-linux-x86_64 0.4.0 6.50 51.05 57.55 OK
r-patched-solaris-x86 0.4.0 118.80 NOTE
r-release-linux-x86_64 0.4.0 7.18 51.54 58.72 OK
r-release-osx-x86_64 0.4.0 NOTE
r-release-windows-ix86+x86_64 0.4.0 17.00 69.00 86.00 OK
r-oldrel-osx-x86_64 0.4.0 NOTE
r-oldrel-windows-ix86+x86_64 0.4.0 25.00 87.00 112.00 OK

Check Details

Version: 0.4.0
Check: data for non-ASCII characters
Result: NOTE
     Note: found 12717 marked UTF-8 strings
Flavors: r-devel-linux-x86_64-fedora-clang, r-devel-linux-x86_64-fedora-gcc, r-patched-solaris-x86, r-release-osx-x86_64, r-oldrel-osx-x86_64