CRAN Package Check Results for Package psyverse

Last updated on 2020-07-02 02:09:57 CEST.

Flavor Version Tinstall Tcheck Ttotal Status Flags
r-devel-linux-x86_64-debian-clang 0.1.0 3.05 30.77 33.82 OK
r-devel-linux-x86_64-debian-gcc 0.1.0 2.19 23.70 25.89 OK
r-devel-linux-x86_64-fedora-clang 0.1.0 48.86 NOTE
r-devel-linux-x86_64-fedora-gcc 0.1.0 38.94 NOTE
r-devel-windows-ix86+x86_64 0.1.0 9.00 43.00 52.00 OK
r-patched-linux-x86_64 0.1.0 2.45 30.64 33.09 OK
r-patched-solaris-x86 0.1.0 58.70 NOTE
r-release-linux-x86_64 0.1.0 2.83 31.30 34.13 OK
r-release-osx-x86_64 0.1.0 NOTE
r-release-windows-ix86+x86_64 0.1.0 8.00 40.00 48.00 OK
r-oldrel-osx-x86_64 0.1.0 NOTE
r-oldrel-windows-ix86+x86_64 0.1.0 5.00 51.00 56.00 OK

Check Details

Version: 0.1.0
Check: dependencies in R code
Result: NOTE
    Namespace in Imports field not imported from: ‘yaml’
     All declared Imports should be used.
Flavors: r-devel-linux-x86_64-fedora-clang, r-devel-linux-x86_64-fedora-gcc, r-patched-solaris-x86, r-release-osx-x86_64, r-oldrel-osx-x86_64